is the hundred millions digit of 149344385?
1
What is the ten millions digit of 192127097?
9
What is the millions digit of 61854440?
1
What is the tens digit of 1949413?
1
What is the hundred thousands digit of 3622983327?
9
What is the hundred millions digit of 865655842?
8
What is the tens digit of 4308660464?
6
What is the ten millions digit of 286028189?
8
What is the ten thousands digit of 585966155?
6
What is the ten millions digit of 2294560250?
9
What is the thousands digit of 8558559445?
9
What is the thousands digit of 36423600?
3
What is the units digit of 82516103?
3
What is the tens digit of 53867393?
9
What is the ten millions digit of 377956475?
7
What is the hundred millions digit of 751059929?
7
What is the millions digit of 16605814?
6
What is the hundred thousands digit of 29705376?
7
What is the millions digit of 494112637?
4
What is the thousands digit of 1806089504?
9
What is the hundred thousands digit of 30773555?
7
What is the units digit of 284555565?
5
What is the ten thousands digit of 1495568103?
6
What is the hundred millions digit of 102989544?
1
What is the ten thousands digit of 41013557?
1
What is the units digit of 4282087094?
4
What is the ten thousands digit of 3861809229?
0
What is the ten thousands digit of 154069331?
6
What is the hundreds digit of 866736945?
9
What is the tens digit of 29486401?
0
What is the units digit of 110028398?
8
What is the ten thousands digit of 2249921344?
2
What is the ten millions digit of 35820706?
3
What is the ten millions digit of 474159212?
7
What is the units digit of 2057292122?
2
What is the millions digit of 377360938?
7
What is the tens digit of 699957864?
6
What is the ten thousands digit of 66657242?
5
What is the ten millions digit of 542485690?
4
What is the hundreds digit of 27938154?
1
What is the ten millions digit of 27259392?
2
What is the hundreds digit of 866078891?
8
What is the hundred thousands digit of 3992699020?
6
What is the ten thousands digit of 481742986?
4
What is the thousands digit of 214669512?
9
What is the units digit of 12777018?
8
What is the ten millions digit of 142451551?
4
What is the units digit of 2936898537?
7
What is the hundreds digit of 680632564?
5
What is the tens digit of 4387653813?
1
What is the ten thousands digit of 81667879?
6
What is the tens digit of 99040329?
2
What is the ten thousands digit of 147450418?
5
What is the thousands digit of 61287376?
7
What is the hundred thousands digit of 69478285?
4
What is the hundreds digit of 265646652?
6
What is the hundred thousands digit of 386520276?
5
What is the ten thousands digit of 42901980?
0
What is the hundred millions digit of 5047600649?
0
What is the hundreds digit of 1664369728?
7
What is the ten thousands digit of 15436231?
3
What is the ten millions digit of 703037147?
0
What is the thousands digit of 16540345?
0
What is the hundred millions digit of 1389836778?
3
What is the ten millions digit of 609918040?
0
What is the ten thousands digit of 188739587?
3
What is the tens digit of 258837374?
7
What is the thousands digit of 10534150?
4
What is the hundreds digit of 1485609128?
1
What is the ten thousands digit of 1222732813?
3
What is the hundred thousands digit of 99110321?
1
What is the ten millions digit of 56844809?
5
What is the ten thousands digit of 51098539?
9
What is the tens digit of 1522284352?
5
What is the millions digit of 344350304?
4
What is the hundreds digit of 1494372096?
0
What is the hundreds digit of 84731346?
3
What is the thousands digit of 2086893?
6
What is the units digit of 3527884150?
0
What is the ten millions digit of 56083603?
5
What is the tens digit of 88096471?
7
What is the hundred millions digit of 172508125?
1
What is the ten thousands digit of 780036664?
3
What is the ten millions digit of 47918636?
4
What is the millions digit of 24137917?
4
What is the hundred thousands digit of 60205078?
2
What is the millions digit of 95940761?
5
What is the hundred thousands digit of 4269445?
2
What is the hundred millions digit of 754473089?
7
What is the hundred millions digit of 221220204?
2
What is the ten millions digit of 593207319?
9
What is the thousands digit of 7446353130?
3
What is the ten thousands digit of 766682104?
8
What is the thousands digit of 1034219680?
9
What is the hundred millions digit of 509129847?
5
What is the hundreds digit of 866664079?
0
What is the ten millions digit of 59128196?
5
What is the hundreds digit of 177981538?
5
What is the thousands digit of 36698928?
8
What is the billions digit of 1443126409?
1
What is the millions digit of 62507487?
2
What is the ten thousands digit of 1208490923?
9
What is the units digit of 400796448?
8
What is the tens digit of 163591345?
4
What is the hundreds digit of 75281111?
1
What is the units digit of 37713513?
3
What is the ten millions digit of 22629212?
2
What is the ten thousands digit of 323144022?
4
What is the ten millions digit of 22610787?
2
What is the hundred thousands digit of 272408550?
4
What is the hundred thousands digit of 36433123?
4
What is the tens digit of 6989605?
0
What is the units digit of 1154673987?
7
What is the tens digit of 268201759?
5
What is the tens digit of 3011212663?
6
What is the thousands digit of 57241521?
1
What is the hundred millions digit of 556424187?
5
What is the millions digit of 129552604?
9
What is the ten thousands digit of 397711134?
1
What is the thousands digit of 110025608?
5
What is the millions digit of 95980192?
5
What is the hundred thousands digit of 39236999?
2
What is the hundreds digit of 141710369?
3
What is the ten millions digit of 82728244?
8
What is the hundred thousands digit of 6382701337?
7
What is the hundred thousands digit of 296877844?
8
What is the thousands digit of 158293659?
3
What is the hundred millions digit of 534994060?
5
What is the hundred millions digit of 2269780477?
2
What is the ten millions digit of 62923101?
6
What is the ten thousands digit of 116796581?
9
What is the units digit of 127796051?
1
What is the hundred thousands digit of 269730746?
7
What is the hundred thousands digit of 584508410?
5
What is the ten millions digit of 204847910?
0
What is the millions digit of 197724293?
7
What is the ten thousands digit of 274632649?
3
What is the units digit of 51359552?
2
What is the hundred millions digit of 309127568?
3
What is the thousands digit of 41256413?
6
What is the hundred millions digit of 109110240?
1
What is the hundred millions digit of 341075703?
3
What is the tens digit of 50639734?
3
What is the tens digit of 9174286?
8
What is the tens digit of 2322213939?
3
What is the hundred millions digit of 134323294?
1
What is the tens digit of 1051901889?
8
What is the millions digit of 60045913?
0
What is the hundred millions digit of 1871039675?
8
What is the tens digit of 973382467?
6
What is the tens digit of 39673494?
9
What is the hundred thousands digit of 673054142?
0
What is the thousands digit of 120349693?
9
What is the hundred millions digit of 180159371?
1
What is the ten thousands digit of 139301866?
0
What is the ten millions digit of 212835506?
1
What is the hundreds digit of 1192680414?
4
What is the ten thousands digit of 75655131?
5
What is the units digit of 231785208?
8
What is the thousands digit of 17462494?
2
What is the billions digit of 3132056047?
3
What is the millions digit of 135108022?
5
What is the hundreds digit of 457738747?
7
What is the hundreds digit of 340455928?
9
What is the units digit of 74329951?
1
What is the hundred millions digit of 135748350?
1
What is the thousands digit of 747241807?
1
What is the hundred thousands digit of 1987638179?
6
What is the tens digit of 24321711?
1
What is the billions digit of 1998093266?
1
What is the units digit of 2021608569?
9
What is the ten thousands digit of 358720427?
2
What is the thousands digit of 126465097?
5
What is the hundreds digit of 854106642?
6
What is the ten thousands digit of 136018763?
1
What is the ten millions digit of 38893582?
3
What is the thousands digit of 3072024636?
4
What is the units digit of 64542833?
3
What is the units digit of 7498326062?
2
What is the ten millions digit of 157607411?
5
What is the units digit of 118318793?
3
What is the hund